q.
6481
Let o be (-2 - -3)*(6 + -6) + 1. Let l be (3/6 - o) + 22/4. Suppose 5*k - 3*y = 499, -2*k + 3*k - 83 = -l*y. What are the prime factors of k?
2, 7
Let b = -780 + 7580. What are the prime factors of b?
2, 5, 17
Let h(l) = -4*l**3 - l**2 - l. Let m be h(-1). Let w(i) = -9 + 3 - 3*i + 0*i**2 + m + i**2. List the prime factors of w(6).
2
Let a = -14871 + 20884. List the prime factors of a.
7, 859
Let t = -6 - -13. Suppose -t*u = -4*s - 2*u + 463, 2*u = s - 118. List the prime factors of s.
2, 7
Let s(n) = -2*n**3 - 162*n**2 + 116*n + 767. List the prime factors of s(-82).
4703
Let t = 149 + 355. Let v be t + 10*(-12)/(-30). Let a = v + -235. What are the prime factors of a?
3, 7, 13
Let n = -36 + 52. Suppose 17*m + n = 21*m. Suppose m*w - 138 = -2*p, p = 3*w - 6*w + 101. List the prime factors of w.
2
Let k(x) = 235*x**2 - 58*x - 177. What are the prime factors of k(-3)?
2, 3, 11
Suppose -18*c = -26*c + 2576. Suppose -4*m = -2*m - 4*q - c, q + 165 = m. List the prime factors of m.
13
Suppose 6*j - j + 25 = -5*g, -5*g - 4*j = 20. What are the prime factors of (-12)/3 - g - -606?
2, 7, 43
Let x(g) = g**3 - 2*g**2 + 2309. Let n be x(0). Let h = n + -1372. List the prime factors of h.
937
Let s = -1588 + 2332. Let k = s + -22. List the prime factors of k.
2, 19
Suppose -46*q - 205382 = -5*h - 47*q, 6*h = 4*q + 246422. What are the prime factors of h?
5, 31, 53
Suppose -30*j + 18*j + 385548 = 26*j. List the prime factors of j.
2, 3, 19, 89
Let m be 5*1544/(-4) - 1. Let h = -1041 - m. What are the prime factors of h?
2, 5, 89
Let o(v) = 1011*v**2 - 61*v + 78. What are the prime factors of o(6)?
2, 3, 17, 59
Let i(c) = -872*c - 641. What are the prime factors of i(-6)?
4591
Let x(l) = -l**3 + 7*l**2 - 11*l + 9. Let v be x(5). Suppose -3*t + g = -2174, -t = v*t - 2*g - 3624. Let u = t - 454. What are the prime factors of u?
2, 3, 5
Let s = -72195 + 120109. List the prime factors of s.
2, 23957
Let z = 285 + -285. Suppose z = 3*b, -2404 = -4*h - 0*b - 4*b. What are the prime factors of h?
601
Suppose 3*f + 8 - 3 = 2*y, f - 5*y + 19 = 0. What are the prime factors of (-1)/(((-2)/3)/(17 + f))?
3
Let g(p) = 3*p**2 + 10*p + 6. Let b be g(-2). What are the prime factors of 10662/18 - (b + (-12)/(-9))?
593
Suppose -24*y + 14*y = -12070. Let b = y + -724. What are the prime factors of b?
3, 7, 23
Let o be (4 + -5 + 0)*-9. Suppose -2*d + 3 = o. What are the prime factors of (-96)/((-5)/(-10)*d)?
2
Suppose -1094*l + 637164 = -1076*l. List the prime factors of l.
2, 11, 1609
Let h = -27 + 42. Let d = 19 - h. Suppose d*g = 2*g + 168. What are the prime factors of g?
2, 3, 7
Let m = 92 - 91. What are the prime factors of 6 + (12/(-4) - m) - -448?
2, 3, 5
Let k = -69 - -85. Suppose 4*o + k = z, -3*o = z - 0*z - 23. Let h = 85 - z. List the prime factors of h.
5, 13
Let g(j) = -33*j + 9. Let a be g(-3). Suppose -w + a = -5*f, 11*w = 7*w + 3*f + 398. List the prime factors of w.
2, 7
Let i(h) = 4*h**2 + h - 12. Let d be i(2). List the prime factors of (1047/d)/(18/144).
2, 349
Suppose -99*b - 166*b + 4962655 = 0. What are the prime factors of b?
61, 307
Suppose 13*k - 332 = 15*k. Let z = k + 227. List the prime factors of z.
61
Suppose 51*n = 55*n - 16. Suppose -2*v - 2*o + 6 = 0, -5*o - 23 + 2 = -n*v. Suppose -p + 45 = -5*t, -p - t = -v*t - 55. List the prime factors of p.
2, 5, 7
Suppose -17*k + 15*k = -6. Suppose 0 = 2*c + 4*q - 96, 4*c - k*c - 45 = q. Let v = c + -19. List the prime factors of v.
3
Suppose -5*b - 2*r = -3040, 5*r = -6*b + 3*b + 1824. Suppose -7*v = v - b. Suppose 0 = k + 3*k - v. List the prime factors of k.
19
Let k(l) = -45*l - 3. Let o be k(-6). Suppose -31*f = -28*f - o. List the prime factors of f.
89
Suppose 2*r = 2*y + 1694, -2*r + 1073 = 3*y - 601. Let l = -338 + r. What are the prime factors of l?
5, 101
Let d(q) = q**2 - 11*q + 60. Suppose 94 = 14*c - 19*c - 2*p, 2*c + 4*p = -28. List the prime factors of d(c).
2, 5, 17
Suppose -13*r + 187 + 541 = 0. Let p = 134 + r. What are the prime factors of p?
2, 5, 19
Suppose 16673 = -13*r + 65512 + 105991. What are the prime factors of r?
2, 3, 5, 397
Suppose 0*a - 16*a = -80. Suppose -a*z + z + 16 = 0, h = 4*z - 14. Suppose -h*g + 10 = -50. List the prime factors of g.
2, 3, 5
Suppose -4*m + 5*f = 106 - 23, -2*f - 11 = m. Let n be (-966)/(-30) - 2/10. Let p = n + m. What are the prime factors of p?
3, 5
Let n(i) = -38*i - 7. Let h be 1/1*-10*(-2)/(-4). Let u be n(h). Suppose -u = -l - 16. List the prime factors of l.
167
Suppose -4*j - 161 = 3*b - 5*j, b + 5*j = -27. Let t = b + 58. Suppose -4*p - 8 = 0, 643 = 3*i - t*p + 4*p. List the prime factors of i.
3, 71
Let q(g) = -181*g - 126. List the prime factors of q(-34).
2, 11, 137
Let n(d) = 3*d**2 + 18*d + 59375. List the prime factors of n(0).
5, 19
Suppose 0 = -61*m + 69*m - 63286 - 32602. What are the prime factors of m?
2, 13, 461
Let c be (((-6)/3)/6)/(5/(-60)). Suppose c*x = -0*g + g + 20, -5*x + 2*g + 22 = 0. Suppose 0*j - 1284 = -x*j. What are the prime factors of j?
2, 107
Let o = -131 + 187. Suppose -o*g + 54*g = -1204. List the prime factors of g.
2, 7, 43
Let w be (0 + 6*-1)*(-106)/318. Suppose -3*y - 4*t + 4910 = 0, -30*y + 33*y + w*t = 4912. List the prime factors of y.
2, 3, 7, 13
Let t(w) = 21*w + 11*w - 25 - 4*w. Let u be (-5 - (-4 + 2)) + 8. List the prime factors of t(u).
5, 23
Suppose -45 = -4*z - 5*t + 112, -5*z + 2*t = -188. What are the prime factors of z*(-76)/(-8) + 6?
367
Let s be 68/(-442) - 134/(-26). Suppose 0 = 5*c + 3*i - 603, -s*c + 116*i - 112*i + 596 = 0. What are the prime factors of c?
2, 3, 5
Suppose -16792 + 2604 = -s - 399. List the prime factors of s.
13789
Suppose 2*a = 4*t - 9 + 39, 4*t + 2*a + 10 = 0. Suppose 2*o + 8 = 4*m, 7 = -o + m + 4*m. List the prime factors of -1*((o - t) + -146).
11, 13
Let c be (7539/(-14)*-1)/(3/2). Let q = 805 - c. List the prime factors of q.
2, 223
Suppose -100*u + 600473 = 18173. List the prime factors of u.
3, 647
List the prime factors of (12/2 + (8 - 16))*-2370.
2, 3, 5, 79
Suppose 6*u + 297 + 2475 = 0. Let l = u - -699. Suppose -118 - l = -5*z. List the prime factors of z.
71
Let z be -12*(-2 - (-5)/10). Suppose r + z = 4*r. Suppose -54 + 330 = r*m. List the prime factors of m.
2, 23
Let r = 57 + -54. Suppose -3*b + r*i = -2*b - 10, -b + 2*i + 10 = 0. Suppose -7*h = -b*h + 312. What are the prime factors of h?
2, 13
List the prime factors of (-269)/(85/15 - 4 - (-1192)/(-708)).
59, 269
Let v(r) be the third derivative of -r**6/120 + r**5/15 + r**4/8 + 5*r**3/3 - 18*r**2. Let q be v(-9). Suppose 0*k - 7*k = -q. List the prime factors of k.
2, 37
Let y = 10570 - 7669. List the prime factors of y.
3, 967
Let t(r) = -r**3 - 5*r**2 + 34*r - 10. Let u be t(-12). Suppose b + u = 2*x - 59, 3*x - 3*b = 972. What are the prime factors of x?
5, 13
Let j(u) = -u + 4. Let a be j(3). Suppose -274 = 19*m - 293. What are the prime factors of a/(m/53 - 0)?
53
Let g be ((-6)/(-15))/(0 + (-1)/(-30)). Let x = -5 + g. What are the prime factors of (-6)/39 - x/((-91)/1354)?
2, 13
Let d be -2*(-6 + 5 - 1/(-2)). Let o be (5/5 - d)/(-4). Suppose 2*f + 2 = o, -2*f - 22 = 4*g - 160. List the prime factors of g.
5, 7
Let v(c) = -18*c - 55. Let s be v(-3). What are the prime factors of s/(-4) + (-72996)/(-176)?
5, 83
Suppose -132*m + 6441830 = 10*m. What are the prime factors of m?
5, 43, 211
Let w = -73 + 124. Suppose -6*z + w = 27. What are the prime factors of -50*((-198)/z)/9?
5, 11
Let b(x) = 11*x**2 + x + 2. Let h be b(17). What are the prime factors of (-1)/(-7 - (-22380)/h)?
13, 41
Let s = -139 - -144. Suppose k = 5*z - 2*k - 870, -870 = -s*z + 4*k. What are the prime factors of z?
2, 3, 29
Let r = 64 + -64. Suppose -3*v + v + 4*n + 38 = 0, 5*v - 95 = -4*n. Suppose 16*j - v*j + 309 = r. What are the prime factors of j?
103
Let a = -1578 - -735. Let b = a - -1445. List the prime factors of b.
2, 7, 43
Suppose -8*j = -11*j - 4*n + 195469, -3*n + 65158 = j. List the prime factors of j.
5, 83, 157
Suppose -75*s + 374114 = 63*s - 112*s. List the prime factors of s.
14389
Let m(j) = 51*j**2 + 4*j + 11. Let x be m(-2). Let w(a) = -43*a + 18. Let z be w(-3). Let l = x - z. List the prime factors of l.
2, 3, 5
Let h be (23 - (7 - 2))*(-453)/(-6). Let f = 2410 - h. What are the prime facto